-4*f - 7. Let c be t(-8). What is the greatest common factor of c and 200?
25
Let v(d) = -3*d - 2*d - d**2 - 4 + 0*d**2. Let b be v(-4). Suppose p + b = 4*q - 7, -p + 18 = q. What is the greatest common divisor of p and 65?
13
Let t(p) = 3*p**2 + 3. Let c be 1*(-1)/(-1)*7. Let h = -10 + c. Let u be t(h). Calculate the highest common divisor of u and 3.
3
Suppose 393 = 7*q - 146. Calculate the greatest common divisor of q and 7.
7
Let d(j) = -j**2 - j + 1. Let l be d(-2). Suppose -3*v = -8*v + 4*r - 14, -r + 5 = -2*v. Let o be (-6)/v*l + 4. Calculate the greatest common factor of 8 and o.
1
Suppose 0 = -4*w + 6 - 2. Suppose -4*v = 8, 5*v = 4*b + v - 40. What is the greatest common factor of w and b?
1
Let m(h) = -3*h - 3 + 1 + 4 + 2. Let b be m(-12). What is the highest common divisor of b and 60?
20
Let b = 41 + 11. What is the greatest common divisor of b and 78?
26
Suppose -17 = -v + 3. Calculate the greatest common factor of v and 5.
5
Let f(n) = 3*n**2 + 8*n. Let r be f(-6). Let i = -73 + 97. What is the highest common divisor of r and i?
12
Let y be (-2 - -1)/((-2)/214). Suppose -y = -3*f - 23. Calculate the highest common factor of f and 14.
14
Let u be -3*(32/12 + -2). Suppose g = -4*a + 2*g + 75, -35 = -2*a + 3*g. Let q be a + (u - -4) + 0. What is the highest common factor of q and 14?
7
Let p be ((-3)/(-2))/((-33)/44). Suppose -12 = 2*q - s - 0*s, -3*s = -4*q - 22. Let c be 25/5*(p - q). What is the highest common factor of c and 10?
5
Let b(x) = x + 0 + 1 + 6 + x. Let w be b(-5). Let p be w/(-2)*(-28)/(-6). What is the highest common divisor of 63 and p?
7
Suppose -3*s = -2*s - 4*v + 4, 5*s + 4 = 4*v. Suppose -4*n = -s*n - 84. Calculate the highest common factor of n and 126.
21
Suppose a = 3*j + 14, 4 = j + 6. Let x be 18/(-24) - (-270)/a. Calculate the highest common divisor of x and 22.
11
Suppose 0 = -0*p + p - 56. What is the highest common factor of p and 14?
14
Let n = 6 + -3. Suppose -2*f + 4*w = -48, -n*w = -4*f - 2*w + 96. Calculate the greatest common divisor of 36 and f.
12
Let m = 65 + 4. Suppose -w + m = -112. Let f be w/3 - 2/6. What is the greatest common divisor of f and 24?
12
Suppose -4*y + 4*n = -604, -5*y + 2*n = 3*n - 767. What is the greatest common divisor of 17 and y?
17
Suppose -13*k + 107 = 3. Calculate the highest common divisor of 2 and k.
2
Let b(h) = h + 1. Let p be b(6). Let y be 3/4*84/p. Calculate the highest common divisor of 27 and y.
9
Suppose -676 = l - 6*l - 4*s, 5*l - 683 = 3*s. Suppose 0 = 2*x - 6*x + l. What is the highest common divisor of x and 17?
17
Suppose 10*j - j - 864 = 0. Calculate the highest common divisor of j and 12.
12
Let g(d) = -d**2 - 16*d + 17. Let z be g(-14). Let u be (-8)/28 + 37/7. What is the highest common divisor of u and z?
5
Suppose f - 2*p = -11, 0 = -4*f - 0*p - p + 1. Let g be 52/(1 - f) - 0. What is the greatest common divisor of g and 52?
26
Let r = -1 - -6. Let p be 4*(-4)/(-32)*6. Let l(n) = 3*n - 4. Let v be l(p). Calculate the highest common factor of v and r.
5
Let k be 26/5 + (-5)/25. What is the highest common divisor of 40 and k?
5
Let o be -3*((-4)/1 - -1). What is the highest common divisor of o and 9?
9
Suppose 5*b = -20, v - 3*b = -4*v + 72. Suppose 3*k = h, 4*h = 5*k + 2*h. Let t be k + 0/4 + 8. Calculate the greatest common factor of t and v.
4
Suppose -m + 9 = -2*n, -30 = -4*m + 6*n - n. Suppose 3*h - 5*k - 41 = 0, 115 = m*h + 5*k + 20. What is the highest common divisor of h and 68?
17
Suppose -4*i + 3*i = -4. Suppose -3*s + 2*n - 12 = -3*n, 2*s - 4*n + 10 = 0. Calculate the highest common factor of s and i.
1
Let b(w) = 4*w**2 + 4*w. Let z be b(-2). Calculate the highest common factor of z and 28.
4
Let d(f) = 7*f + f - 7 - 6*f + 17*f. Let x be d(7). Calculate the highest common divisor of 18 and x.
18
Suppose -3*d = -29 + 11. Let t(y) = 4*y + 8. Let m be t(d). Calculate the greatest common factor of m and 8.
8
Suppose -4*u + 10 = u. Let n = 25 - 7. Calculate the greatest common divisor of n and u.
2
Let p = -142 + 317. Let l(u) = 6*u**2 - u - 1. Let f be l(-2). What is the highest common divisor of f and p?
25
Suppose 7*n = 16 + 54. Calculate the highest common factor of 50 and n.
10
Suppose 4*y = -3*v + 39, 2*v + 3*v - 25 = 0. Let a be 183/9 - 2/y. Let n = 55 + -25. What is the highest common divisor of n and a?
10
Let m(l) = -l**3 - 10*l**2 + 11*l. Let v be m(-11). Suppose -5*i + 4 + 16 = v. Suppose 0*d + 108 = 3*d. What is the highest common factor of d and i?
4
Let r = 6 - 12. Let u = 9 + r. Suppose -u*n + 33 = 6. What is the highest common divisor of n and 9?
9
Let m be 1*(0 + 0 + 0). Suppose -79 = -5*y + 4*r, m = 3*y + 2*r + 2*r - 41. What is the highest common factor of y and 60?
15
Let y(t) = 0*t - t + 2*t + 65. Let h be (1 - (-2)/(-4))*0. Let u be y(h). What is the greatest common divisor of u and 26?
13
Suppose 2*v + 3 = 5*v. Let h(a) = -a + 1. Let b be h(v). Let j(m) = m + 4. Let l be j(b). What is the greatest common divisor of l and 4?
4
Let d(k) = k - 15. Let j be d(12). Let t be (-6)/(j + -3 + 4). Calculate the highest common factor of t and 9.
3
Let m(u) = -u**2 + 7. Let i be m(-6). Let b be (-2)/9 - i/9. Calculate the highest common factor of b and 21.
3
Suppose -15*x + 10*x = -275. Let p = -1 - -12. Calculate the greatest common divisor of x and p.
11
Let x(o) = o**3 + 16*o**2 - 26*o - 32. Let b be x(-17). Calculate the highest common factor of b and 11.
11
Suppose -77 = -5*g - 3*n + 18, g = 4*n - 4. What is the highest common divisor of g and 4?
4
Let l = 80 + -27. Suppose 4*c - 157 = -l. What is the greatest common divisor of 39 and c?
13
Let u(z) be the third derivative of 5*z**4/12 + z**2. Let t be u(3). Calculate the highest common factor of 20 and t.
10
Let j = -98 + 189. What is the highest common factor of 13 and j?
13
Let y = 44 - 32. What is the greatest common divisor of y and 12?
12
Let p = 8 + 25. What is the highest common factor of p and 11?
11
Suppose g + 0 - 8 = 0. Calculate the greatest common divisor of 64 and g.
8
Let p = 15 + 381. Let f = -276 + p. Let c(o) = 2*o**3 - o**2 + 3. Let d be c(3). What is the highest common factor of f and d?
24
Let j be 103/5 + 42/(-70). Let x = 52 - 102. Let i = 50 - x. What is the greatest common divisor of i and j?
20
Let a = 98 - 94. Calculate the greatest common factor of 44 and a.
4
Let n be (-7 - -11) + (1 - 1). Suppose a = 41 + n. What is the greatest common divisor of 9 and a?
9
Suppose -10 = -2*q + 24. Let r = q + -8. Let g be 2*(1 + -2) + 65. Calculate the highest common factor of r and g.
9
Let h be (-1)/(-3)*180/10. Calculate the highest common factor of h and 8.
2
Let x = 135 - 112. Calculate the highest common factor of x and 92.
23
Let x = -16 - -27. Let r be (4 - x)*(1 - 2). What is the highest common factor of 7 and r?
7
Suppose 13 = -h + 33. Calculate the greatest common factor of h and 5.
5
Let v be (-480)/(-27) + (-2)/(-9). Suppose 2*x = 3*l + x - 130, 3*x + 120 = 3*l. Calculate the highest common divisor of l and v.
9
Suppose 5*f + 361 = -204. Let s = -80 - f. Suppose -h = 2*h - s. Calculate the greatest common divisor of 77 and h.
11
Let r(z) = -19*z - 3. Let w be r(-3). Suppose 34 = -4*h - w. Let f be (h/10)/(3/(-15)). What is the highest common factor of 33 and f?
11
Suppose -m + 93 = 2*q - 70, -4*m - 20 = 0. What is the highest common factor of 12 and q?
12
Let p(a) = -a**2 - 9*a - 4. Let z be p(-8). Suppose 0 = -3*m + 3*s, 3*s + 2 = z*m + s. Let r be 3 - (-4)/(m - 3). What is the highest common factor of 4 and r?
1
Suppose 2*f + 6 = -l - l, -l - 5 = 0. Let h be (f - 2)/(1 - 0). Let i(y) = y**3 + 13. Let u be i(h). Calculate the greatest common factor of u and 65.
13
Let s = -65 - -83. Let a be (3/(-6))/(1/(-108)). What is the highest common factor of s and a?
18
Suppose -7*c + 80 = -3*c + v, -5*c - 2*v = -103. Let p = c + -18. Calculate the greatest common divisor of 4 and p.
1
Let d(n) = n**2 + n + 24. Let f(j) = -j - 1. Let u be f(-1). Let g be d(u). What is the highest common factor of g and 264?
24
Let c = 87 - -3. Suppose -3*w + c = 2*l, -w = -5*w. Calculate the greatest common factor of l and 5.
5
Let o be 54/(-15)*(1 + -6). Let v(l) = 0 - 6*l - 2 - 1. Let z be v(-2). What is the greatest common divisor of o and z?
9
Suppose 470 - 1465 =